multiple of 144?
False
Is 15385 a multiple of 129?
False
Is 110854 a multiple of 20?
False
Does 238 divide 10439249?
False
Is 3 a factor of 325065?
True
Is 107 a factor of 9154173?
False
Is 1682560 a multiple of 704?
True
Does 486 divide 4070250?
True
Is 7755207 a multiple of 813?
True
Is 5 a factor of 47535?
True
Is 147 a factor of 1538796?
True
Is 13 a factor of 1254887?
False
Is 67 a factor of 4970946?
False
Is 31 a factor of 5659572?
False
Is 11 a factor of 3068894?
False
Does 15 divide 8976522?
False
Is 3533116 a multiple of 876?
False
Is 3733886 a multiple of 13?
True
Is 135 a factor of 240300?
True
Is 26445778 a multiple of 185?
False
Is 175969 a multiple of 379?
False
Does 607 divide 1513858?
True
Does 22 divide 71170?
True
Is 33 a factor of 482860?
False
Is 585 a factor of 9736928?
False
Does 18 divide 2334546?
True
Is 1426664 a multiple of 388?
False
Does 9 divide 1746951?
False
Does 19 divide 6087?
False
Is 69 a factor of 1246278?
True
Is 318416 a multiple of 28?
True
Is 29 a factor of 210018?
True
Is 5 a factor of 1845?
True
Does 19 divide 17177189?
False
Is 14 a factor of 284841?
False
Does 15 divide 1159126?
False
Does 8 divide 1126404?
False
Does 3 divide 2111?
False
Does 11 divide 34362?
False
Does 42 divide 7622328?
True
Is 5 a factor of 763165?
True
Is 109 a factor of 2959677?
True
Does 12 divide 4543221?
False
Is 26394 a multiple of 400?
False
Is 237 a factor of 1555354?
False
Does 23 divide 415125?
False
Is 727568 a multiple of 16?
True
Is 81722 a multiple of 29?
True
Is 21084838 a multiple of 13?
False
Does 246 divide 540708?
True
Is 1449 a factor of 2121214?
False
Is 2149500 a multiple of 50?
True
Is 892000 a multiple of 250?
True
Does 3 divide 6213333?
True
Is 12359408 a multiple of 96?
False
Is 527255 a multiple of 85?
True
Does 59 divide 349870?
True
Is 68 a factor of 1462272?
True
Is 23685478 a multiple of 226?
True
Does 71 divide 752693?
False
Does 15 divide 938265?
True
Does 236 divide 129997?
False
Is 20196 a multiple of 68?
True
Is 13541353 a multiple of 216?
False
Is 18 a factor of 568726?
False
Is 94260 a multiple of 47?
False
Does 41 divide 51701?
True
Is 11680 a multiple of 160?
True
Is 18 a factor of 3574872?
True
Does 13 divide 222631?
False
Does 72 divide 2041200?
True
Is 2 a factor of 34134?
True
Is 64386 a multiple of 9?
True
Is 317 a factor of 2270037?
True
Is 207 a factor of 181746?
True
Does 16 divide 156352?
True
Is 336336 a multiple of 88?
True
Is 9116281 a multiple of 103?
False
Is 580360 a multiple of 388?
False
Is 813 a factor of 220323?
True
Does 61 divide 700953?
False
Does 124 divide 3374168?
False
Does 11 divide 426789?
True
Is 87 a factor of 119663?
False
Is 93 a factor of 106923?
False
Is 19 a factor of 77826?
False
Is 384415 a multiple of 17?
False
Is 9079070 a multiple of 14?
True
Is 2 a factor of 564637?
False
Does 3 divide 133325?
False
Does 15 divide 1049343?
False
Is 1062227 a multiple of 5?
False
Is 78676 a multiple of 3?
False
Is 3065608 a multiple of 364?
True
Is 50 a factor of 57148?
False
Does 229 divide 68487?
False
Does 10 divide 18260?
True
Does 210 divide 2313360?
True
Is 106070 a multiple of 573?
False
Is 240 a factor of 1715494?
False
Is 817572 a multiple of 52?
False
Is 35 a factor of 3021198?
False
Does 4 divide 663234?
False
Is 9346737 a multiple of 521?
False
Does 446 divide 2250962?
True
Does 7 divide 177546?
False
Is 908 a factor of 14350032?
True
Is 60 a factor of 16406?
False
Is 236 a factor of 1811960?
False
Does 27 divide 746739?
True
Is 124659 a multiple of 9?
True
Is 30965 a multiple of 298?
False
Does 72 divide 123768?
True
Is 14 a factor of 186375?
False
Does 291 divide 709458?
True
Does 747 divide 6840101?
False
Does 36 divide 9608220?
True
Is 44 a factor of 3364997?
False
Is 20 a factor of 9700460?
True
Is 323 a factor of 138244?
True
Is 62100 a multiple of 450?
True
Is 6143710 a multiple of 219?
False
Is 181458 a multiple of 51?
True
Does 5 divide 37798?
False
Is 255477 a multiple of 174?
False
Is 36 a factor of 2373010?
False
Does 13 divide 514731?
False
Does 161 divide 4649358?
True
Does 31 divide 71734?
True
Does 320 divide 1491520?
True
Does 13 divide 475901?
False
Does 75 divide 2329014?
False
Is 14 a factor of 60210?
False
Is 224 a factor of 2102690?
False
Is 16 a factor of 1130848?
True
Is 275732 a multiple of 32?
False
Is 13 a factor of 4599001?
False
Is 988906 a multiple of 154?
False
Is 177 a factor of 408983?
False
Is 146569 a multiple of 103?
True
Does 14 divide 36745?
False
Is 37 a factor of 10128454?
True
Is 79 a factor of 269785?
True
Is 5 a factor of 112697?
False
Is 22 a factor of 337018?
True
Is 7063 a multiple of 4?
False
Does 30 divide 1797059?
False
Does 17 divide 1856655?
True
Is 960573 a multiple of 290?
False
Is 195299 a multiple of 223?
False
Is 223 a factor of 4298084?
False
Is 3899 a multiple of 7?
True
Does 4 divide 332970?
False
Is 1593641 a multiple of 9?
False
Does 67 divide 407360?
True
Is 298065 a multiple of 6?
False
Does 95 divide 196745?
True
Does 12 divide 302004?
True
Is 36 a factor of 7342668?
True
Is 11433942 a multiple of 746?
True
Is 68 a factor of 521764?
True
Does 39 divide 131820?
True
Is 509 even?
False
Does 832 divide 1743049?
False
Is 41583 a multiple of 167?
True
Is 185260 a multiple of 14?
False
Does 27 divide 65404?
False
Does 12 divide 48852?
True
Is 623 a factor of 1272943?
False
Does 49 divide 20474944?
True
Does 331 divide 700135?
False
Does 53 divide 490473?
False
Does 71 divide 8455125?
False
Does 200 divide 6030000?
True
Is 64 a factor of 2163747?
False
Is 121 a factor of 386942?
False
Does 15 divide 624881?
False
Does 255 divide 66555?
True
Is 48 a factor of 53616?
True
Does 6 divide 265206?
True
Is 20977 a multiple of 15?
False
Is 226 a factor of 1578836?
True
Is 147 a factor of 318154?
False
Is 364 a factor of 1006421?
False
Does 26 divide 2448856?
False
Does 12 divide 1598256?
True
Is 148336 a multiple of 68?
False
Is 474958 a multiple of 5?
False
Does 261 divide 483894?
True
Is 178647 a multiple of 221?
False
Is 115232 a multiple of 13?
True
Does 70 divide 484709?
False
Does 36 divide 133164?
True
Is 61659 a multiple of 9?
True
Does 73 divide 1869092?
True
Is 20082 a multiple of 9?
False
Does 7 divide 143304?
True
Does 23 divide 887620?
False
Does 18 divide 29268?
True
Is 414 a factor of 193338?
True
Is 24 a factor of 378192?
True
Does 55 divide 2086576?
False
Is 900312 a multiple of 620?
False
Is 79 a factor of 144577?
False
Does 54 divide 101271?
False
Is 5817419 a multiple of 6?
False
Does 36 divide 3173055?
False
Does 270 divide 2170530?
True
Is 1609247 a multiple of 152?
False
Does 15 divide 3122126?
False
Does 24 divide 3524498?
False
Is 144 a factor of 99648?
True
Is 7 a factor of 564893?
True
Is 1519 a factor of 9525649?
True
Is 53298 a multiple of 6?
True
Is 2864500 a multiple of 1348?
True
Is 3062631 a multiple of 13?
True
Is 58905 a multiple of 255?
True
Is 294311 a multiple of 31?
False
Is 2455698 a multiple of 30?
False
Is 243471 a multiple of 26?
False
Is 3309264 a multiple of 12?
True
Is 45315 a multiple of 15?
True
Is 15 a factor of 1621102?
False
Is 179 a factor of 12234?
False
Is 356 a factor of 6431001?
False
Is 2595670 a multiple of 157?
False
Does 7 divide 108192?
True
Is 52 a factor of 19787961?
False
Does 5 divide 64625?
True
Does 3 divide 24018?
True
Is 2415547 a multiple of 21?
False
Does 341 divide 151098?
False
Does 18 divide 3924414?
True
Does 33 divide 165872?
False
Is 559671 a multiple of 6?
False
Does 35 divide 304038?
False
Is 7 a factor of 991491?
False
Does 15 divide 4365450?
True
Is 150260 a multiple of 55?
True
Is 35120 a multiple of 8?
True
Does 5 divide 89905?
True
Is 555321 a multiple of 33?
False
Does 43 divide 10277?
True
Is 133770 a multiple of 6?
True
Is 399 a factor of 57456?
True
Does 4 divide 9569?
False
Does 612 divide 2621196?
True
Is 178 a factor of 61128?
False
Is 12 a factor of 18276?
True
Does 176 divide 59090?
False
Is 94 a factor of 319050?
False
Is 68 a factor of 239679?
False
Does 518 divide 15407910?
True
Is 1948748 a multiple of 403?
False
Is 668985 a multiple of 205?
False
Does 37 divide 33691?
False
Is 62 a factor of 1254757?
False
Is 1676864 a multiple of 14?
True
Is 7 a factor of 18711?
True
Is 10 a factor of 1981323?
False
Is 300